{"id":283,"date":"2016-09-12T09:45:20","date_gmt":"2016-09-12T09:45:20","guid":{"rendered":"https:\/\/blogs.glowscotland.org.uk\/nl\/condorrat\/?page_id=283"},"modified":"2026-01-29T11:00:41","modified_gmt":"2026-01-29T11:00:41","slug":"home","status":"publish","type":"page","link":"https:\/\/blogs.glowscotland.org.uk\/nl\/condorrat\/","title":{"rendered":""},"content":{"rendered":"<p><img decoding=\"async\" data-attachment-id=\"538\" data-permalink=\"https:\/\/blogs.glowscotland.org.uk\/nl\/condorrat\/home\/homebannerv2\/\" data-orig-file=\"https:\/\/blogs.glowscotland.org.uk\/nl\/public\/condorrat\/uploads\/sites\/28037\/2016\/09\/HomeBannerV2.jpg\" data-orig-size=\"1000,297\" data-comments-opened=\"0\" data-image-meta=\"{&quot;aperture&quot;:&quot;0&quot;,&quot;credit&quot;:&quot;&quot;,&quot;camera&quot;:&quot;&quot;,&quot;caption&quot;:&quot;&quot;,&quot;created_timestamp&quot;:&quot;0&quot;,&quot;copyright&quot;:&quot;&quot;,&quot;focal_length&quot;:&quot;0&quot;,&quot;iso&quot;:&quot;0&quot;,&quot;shutter_speed&quot;:&quot;0&quot;,&quot;title&quot;:&quot;&quot;,&quot;orientation&quot;:&quot;0&quot;}\" data-image-title=\"homebannerv2\" data-image-description=\"\" data-image-caption=\"\" data-medium-file=\"https:\/\/glow-prod-nl.s3.eu-west-1.amazonaws.com\/nl\/public\/condorrat\/uploads\/sites\/28037\/2016\/09\/HomeBannerV2-300x89.jpg?X-Amz-Content-Sha256=UNSIGNED-PAYLOAD&amp;X-Amz-Security-Token=IQoJb3JpZ2luX2VjEM7%2F%2F%2F%2F%2F%2F%2F%2F%2F%2FwEaCWV1LXdlc3QtMSJHMEUCIFyDcOwKBdLG22JataNH8vUr9p9sfQaGQLi5HRV9H436AiEAnuem%2BCTm0IaHHpPWdSsQOqUhfm1uuJrzaSnHxgK%2FoywqwgUIl%2F%2F%2F%2F%2F%2F%2F%2F%2F%2F%2FARAFGgwyNzM1NzAxOTU0MzMiDKmOfqCKgYGzdKBO%2ByqWBTij0ykZF4vy4P9PuNTJouKl85IcNI74N7K2vflO3huddeL6zTu5aenMomufFp7qz6ELke4Sof%2BA6lPiBRoJyzuL%2FZoYXbae%2F54jXCT%2BXC1khaym2cUQtUd9k6F4lQ1mpzYyLW4dauOIZIcW3EWG3Qm4I7lj%2B1FrTFUzUvRbMVLQP2%2FTm%2F07b2WyY26E1g9XiDymuuN%2BuzEhuluIbVyMhlh4p%2Fy1s7jl34MIDaz4bKaG%2FboysK6ueb96e%2Bb0jUrFblg6Xs2UQZ0g0%2BqtEJ7nnV%2FIZbkSDXCWP1MUQ7eWQSFeqFqR0s0DLasKfGRYAe8A9NMAj%2Bcp5Dq8bG%2FueU4Kwf1bv7MAfUCKdtRCTmHYX4UdhaMMtTnZwlaEEwPbZRC1xEpKAFafqQ4iAkm5GRO90jbUJPQChb0pAG5WAqBEGrC%2BMYSXJWtBXvjN5MPymybK2pz4mOtMi3HLVfSScVwuqI5wBD%2BZTCT%2BQLZQe%2Bjo9%2BmZQVpPhjaUygrD6hvWkuUzzsnvu21TR2OpZNSEOvDnLLNsZPOqto0O2bePWbSoJphcdV9oQx1nDulgNobh1cHj4A3nDpVW8SRKHkL4xikHCm%2FHXqIOCDEQKSWE11%2F14ZCuHKROijbVz%2Bd4W%2FdNDToT9m1fR0Kjchi7T6IJyON8Dn5utfr7CqywbXbDAr%2B73qAFkylUM5%2BinZqWXISwES0VfemErWl1AdWiJEHnQvXeD89uI0f8GkiZDbWGmnHBodQF5zVW1KiqIjEXTRuoz1LW5mZS52wyXYL5qb3lLKiq9MWbShMIwZBNzwSgb6%2FNobqaN80s5AKnJAJiUG2p9qtPpFuSrtY1OHyd0xfuj9Isx7AtreL8rgH6gfNgCxRkNdj25EUG7pfoMMuRs88GOrEBI4lOfMQ1zXV2bjucu%2BAel%2BCGF70MvY%2FiWZLadcfL1kttvYrkBfUs0DQJLhHhCPqwXzGNyAjgDAC8GvcSmrPe7KUw4PVduV%2BK0VtZFHAbYB4PECuBrR%2BXBrYaiwW7A%2FPKtMnEhAPwn5hRuZT0IozcE9soamX6iAbe1PkX5qWjXzms63blk3EBVnG%2FV92Jc5BfXzXaow%2FEioKv9GdQldVCxlpCjOypxqVv0Fqs6ynqkHWq&amp;X-Amz-Algorithm=AWS4-HMAC-SHA256&amp;X-Amz-Credential=ASIAT7MQN47UXIIKPLQT%2F20260425%2Feu-west-1%2Fs3%2Faws4_request&amp;X-Amz-Date=20260425T142646Z&amp;X-Amz-SignedHeaders=host&amp;X-Amz-Expires=900&amp;X-Amz-Signature=a11a15e032813074eb2c58040a87bc2b3aca40cc5dd5ac6aab3b391171344194\" data-large-file=\"https:\/\/blogs.glowscotland.org.uk\/nl\/public\/condorrat\/uploads\/sites\/28037\/2016\/09\/HomeBannerV2.jpg\" class=\"alignnone size-full wp-image-538\" src=\"https:\/\/blogs.glowscotland.org.uk\/nl\/public\/condorrat\/uploads\/sites\/28037\/2016\/09\/HomeBannerV2.jpg\" alt=\"homebannerv2\" width=\"100%\" srcset=\"https:\/\/blogs.glowscotland.org.uk\/nl\/public\/condorrat\/uploads\/sites\/28037\/2016\/09\/HomeBannerV2.jpg 1000w, https:\/\/glow-prod-nl.s3.eu-west-1.amazonaws.com\/nl\/public\/condorrat\/uploads\/sites\/28037\/2016\/09\/HomeBannerV2-300x89.jpg?X-Amz-Content-Sha256=UNSIGNED-PAYLOAD&amp;X-Amz-Security-Token=IQoJb3JpZ2luX2VjEM7%2F%2F%2F%2F%2F%2F%2F%2F%2F%2FwEaCWV1LXdlc3QtMSJHMEUCIFyDcOwKBdLG22JataNH8vUr9p9sfQaGQLi5HRV9H436AiEAnuem%2BCTm0IaHHpPWdSsQOqUhfm1uuJrzaSnHxgK%2FoywqwgUIl%2F%2F%2F%2F%2F%2F%2F%2F%2F%2F%2FARAFGgwyNzM1NzAxOTU0MzMiDKmOfqCKgYGzdKBO%2ByqWBTij0ykZF4vy4P9PuNTJouKl85IcNI74N7K2vflO3huddeL6zTu5aenMomufFp7qz6ELke4Sof%2BA6lPiBRoJyzuL%2FZoYXbae%2F54jXCT%2BXC1khaym2cUQtUd9k6F4lQ1mpzYyLW4dauOIZIcW3EWG3Qm4I7lj%2B1FrTFUzUvRbMVLQP2%2FTm%2F07b2WyY26E1g9XiDymuuN%2BuzEhuluIbVyMhlh4p%2Fy1s7jl34MIDaz4bKaG%2FboysK6ueb96e%2Bb0jUrFblg6Xs2UQZ0g0%2BqtEJ7nnV%2FIZbkSDXCWP1MUQ7eWQSFeqFqR0s0DLasKfGRYAe8A9NMAj%2Bcp5Dq8bG%2FueU4Kwf1bv7MAfUCKdtRCTmHYX4UdhaMMtTnZwlaEEwPbZRC1xEpKAFafqQ4iAkm5GRO90jbUJPQChb0pAG5WAqBEGrC%2BMYSXJWtBXvjN5MPymybK2pz4mOtMi3HLVfSScVwuqI5wBD%2BZTCT%2BQLZQe%2Bjo9%2BmZQVpPhjaUygrD6hvWkuUzzsnvu21TR2OpZNSEOvDnLLNsZPOqto0O2bePWbSoJphcdV9oQx1nDulgNobh1cHj4A3nDpVW8SRKHkL4xikHCm%2FHXqIOCDEQKSWE11%2F14ZCuHKROijbVz%2Bd4W%2FdNDToT9m1fR0Kjchi7T6IJyON8Dn5utfr7CqywbXbDAr%2B73qAFkylUM5%2BinZqWXISwES0VfemErWl1AdWiJEHnQvXeD89uI0f8GkiZDbWGmnHBodQF5zVW1KiqIjEXTRuoz1LW5mZS52wyXYL5qb3lLKiq9MWbShMIwZBNzwSgb6%2FNobqaN80s5AKnJAJiUG2p9qtPpFuSrtY1OHyd0xfuj9Isx7AtreL8rgH6gfNgCxRkNdj25EUG7pfoMMuRs88GOrEBI4lOfMQ1zXV2bjucu%2BAel%2BCGF70MvY%2FiWZLadcfL1kttvYrkBfUs0DQJLhHhCPqwXzGNyAjgDAC8GvcSmrPe7KUw4PVduV%2BK0VtZFHAbYB4PECuBrR%2BXBrYaiwW7A%2FPKtMnEhAPwn5hRuZT0IozcE9soamX6iAbe1PkX5qWjXzms63blk3EBVnG%2FV92Jc5BfXzXaow%2FEioKv9GdQldVCxlpCjOypxqVv0Fqs6ynqkHWq&amp;X-Amz-Algorithm=AWS4-HMAC-SHA256&amp;X-Amz-Credential=ASIAT7MQN47UXIIKPLQT%2F20260425%2Feu-west-1%2Fs3%2Faws4_request&amp;X-Amz-Date=20260425T142646Z&amp;X-Amz-SignedHeaders=host&amp;X-Amz-Expires=900&amp;X-Amz-Signature=a11a15e032813074eb2c58040a87bc2b3aca40cc5dd5ac6aab3b391171344194 300w, https:\/\/glow-prod-nl.s3.eu-west-1.amazonaws.com\/nl\/public\/condorrat\/uploads\/sites\/28037\/2016\/09\/HomeBannerV2-768x228.jpg?X-Amz-Content-Sha256=UNSIGNED-PAYLOAD&amp;X-Amz-Security-Token=IQoJb3JpZ2luX2VjEM7%2F%2F%2F%2F%2F%2F%2F%2F%2F%2FwEaCWV1LXdlc3QtMSJHMEUCIFyDcOwKBdLG22JataNH8vUr9p9sfQaGQLi5HRV9H436AiEAnuem%2BCTm0IaHHpPWdSsQOqUhfm1uuJrzaSnHxgK%2FoywqwgUIl%2F%2F%2F%2F%2F%2F%2F%2F%2F%2F%2FARAFGgwyNzM1NzAxOTU0MzMiDKmOfqCKgYGzdKBO%2ByqWBTij0ykZF4vy4P9PuNTJouKl85IcNI74N7K2vflO3huddeL6zTu5aenMomufFp7qz6ELke4Sof%2BA6lPiBRoJyzuL%2FZoYXbae%2F54jXCT%2BXC1khaym2cUQtUd9k6F4lQ1mpzYyLW4dauOIZIcW3EWG3Qm4I7lj%2B1FrTFUzUvRbMVLQP2%2FTm%2F07b2WyY26E1g9XiDymuuN%2BuzEhuluIbVyMhlh4p%2Fy1s7jl34MIDaz4bKaG%2FboysK6ueb96e%2Bb0jUrFblg6Xs2UQZ0g0%2BqtEJ7nnV%2FIZbkSDXCWP1MUQ7eWQSFeqFqR0s0DLasKfGRYAe8A9NMAj%2Bcp5Dq8bG%2FueU4Kwf1bv7MAfUCKdtRCTmHYX4UdhaMMtTnZwlaEEwPbZRC1xEpKAFafqQ4iAkm5GRO90jbUJPQChb0pAG5WAqBEGrC%2BMYSXJWtBXvjN5MPymybK2pz4mOtMi3HLVfSScVwuqI5wBD%2BZTCT%2BQLZQe%2Bjo9%2BmZQVpPhjaUygrD6hvWkuUzzsnvu21TR2OpZNSEOvDnLLNsZPOqto0O2bePWbSoJphcdV9oQx1nDulgNobh1cHj4A3nDpVW8SRKHkL4xikHCm%2FHXqIOCDEQKSWE11%2F14ZCuHKROijbVz%2Bd4W%2FdNDToT9m1fR0Kjchi7T6IJyON8Dn5utfr7CqywbXbDAr%2B73qAFkylUM5%2BinZqWXISwES0VfemErWl1AdWiJEHnQvXeD89uI0f8GkiZDbWGmnHBodQF5zVW1KiqIjEXTRuoz1LW5mZS52wyXYL5qb3lLKiq9MWbShMIwZBNzwSgb6%2FNobqaN80s5AKnJAJiUG2p9qtPpFuSrtY1OHyd0xfuj9Isx7AtreL8rgH6gfNgCxRkNdj25EUG7pfoMMuRs88GOrEBI4lOfMQ1zXV2bjucu%2BAel%2BCGF70MvY%2FiWZLadcfL1kttvYrkBfUs0DQJLhHhCPqwXzGNyAjgDAC8GvcSmrPe7KUw4PVduV%2BK0VtZFHAbYB4PECuBrR%2BXBrYaiwW7A%2FPKtMnEhAPwn5hRuZT0IozcE9soamX6iAbe1PkX5qWjXzms63blk3EBVnG%2FV92Jc5BfXzXaow%2FEioKv9GdQldVCxlpCjOypxqVv0Fqs6ynqkHWq&amp;X-Amz-Algorithm=AWS4-HMAC-SHA256&amp;X-Amz-Credential=ASIAT7MQN47UXIIKPLQT%2F20260425%2Feu-west-1%2Fs3%2Faws4_request&amp;X-Amz-Date=20260425T142646Z&amp;X-Amz-SignedHeaders=host&amp;X-Amz-Expires=900&amp;X-Amz-Signature=c00513332e6202e26401c3591578e38e05dd1c12c568b3de19bd55119a677b2e 768w\" sizes=\"(max-width: 1000px) 100vw, 1000px\" \/><span style=\"color: #0057a0;font-size: 18px;line-height: 24px\"><strong>Welcome to our school website, we hope you find it both interesting and informative.<br \/>\nF\u00e0ilte gu l\u00e0rach-l\u00ecn na sgoile againn. Tha sinn an dochas gum bi e an d\u00e0 chuid inntinneach agus cuideachail.<br \/>\n<\/strong><\/span><\/p>\n<div style=\"background-color: #f1f1f1;padding: 2px 10px\">\n<h3>Message from the Head Teacher<a href=\"https:\/\/blogs.glowscotland.org.uk\/nl\/public\/condorrat\/uploads\/sites\/28037\/2026\/01\/29105945\/JA.jpg\"><img loading=\"lazy\" decoding=\"async\" data-attachment-id=\"1766\" data-permalink=\"https:\/\/blogs.glowscotland.org.uk\/nl\/condorrat\/home\/ja\/\" data-orig-file=\"https:\/\/blogs.glowscotland.org.uk\/nl\/public\/condorrat\/uploads\/sites\/28037\/2026\/01\/29105945\/JA.jpg\" data-orig-size=\"107,120\" data-comments-opened=\"0\" data-image-meta=\"{&quot;aperture&quot;:&quot;0&quot;,&quot;credit&quot;:&quot;&quot;,&quot;camera&quot;:&quot;&quot;,&quot;caption&quot;:&quot;&quot;,&quot;created_timestamp&quot;:&quot;0&quot;,&quot;copyright&quot;:&quot;&quot;,&quot;focal_length&quot;:&quot;0&quot;,&quot;iso&quot;:&quot;0&quot;,&quot;shutter_speed&quot;:&quot;0&quot;,&quot;title&quot;:&quot;&quot;,&quot;orientation&quot;:&quot;0&quot;}\" data-image-title=\"JA\" data-image-description=\"\" data-image-caption=\"\" data-medium-file=\"https:\/\/blogs.glowscotland.org.uk\/nl\/public\/condorrat\/uploads\/sites\/28037\/2026\/01\/29105945\/JA.jpg\" data-large-file=\"https:\/\/blogs.glowscotland.org.uk\/nl\/public\/condorrat\/uploads\/sites\/28037\/2026\/01\/29105945\/JA.jpg\" class=\" wp-image-1766 alignright\" src=\"https:\/\/blogs.glowscotland.org.uk\/nl\/public\/condorrat\/uploads\/sites\/28037\/2026\/01\/29105945\/JA.jpg\" alt=\"\" width=\"238\" height=\"267\" \/><\/a><\/h3>\n<p>Our school is a hive of activity that aims to offer the best opportunities to develop our pupils as successful learners, confident individuals, responsible citizens and effective contributors. Through this website we aim to give you an insight into what is happening in our school to achieve these aims.<\/p>\n<p>We are a bi-lingual school, with a Gaelic Stream where our pupils are educated through the medium of Gaelic. This has ensured that our whole school is rich in opportunities to learn about our cultural heritage, and has a unique ethos and atmosphere.<\/p>\n<p>This website will also give you information regarding the school\u2019s policies and useful up to date information regarding school events.<\/p>\n<p>Of course, this website can only give you a snap shot of our school, so if you are enthused by what you see and would like to come along and find out more about us, please phone the school and we will happily arrange for you to visit.<\/p>\n<p><span style=\"color: #0057a0\">Julie-Ann Price<br \/>\nHead Teacher<\/span><\/p>\n<\/div>\n<p>&nbsp;<\/p>\n","protected":false},"excerpt":{"rendered":"<p>Welcome to our school website, we hope you find it both interesting and informative. F\u00e0ilte gu l\u00e0rach-l\u00ecn na sgoile againn. Tha sinn an dochas gum bi e an d\u00e0 chuid inntinneach agus cuideachail. Message from the Head Teacher Our school &hellip; <a href=\"https:\/\/blogs.glowscotland.org.uk\/nl\/condorrat\/\">Continue reading <span class=\"meta-nav\">&rarr;<\/span><\/a><\/p>\n","protected":false},"author":30343,"featured_media":0,"parent":0,"menu_order":0,"comment_status":"closed","ping_status":"closed","template":"","meta":{"footnotes":""},"class_list":["post-283","page","type-page","status-publish","hentry"],"_links":{"self":[{"href":"https:\/\/blogs.glowscotland.org.uk\/nl\/condorrat\/wp-json\/wp\/v2\/pages\/283","targetHints":{"allow":["GET"]}}],"collection":[{"href":"https:\/\/blogs.glowscotland.org.uk\/nl\/condorrat\/wp-json\/wp\/v2\/pages"}],"about":[{"href":"https:\/\/blogs.glowscotland.org.uk\/nl\/condorrat\/wp-json\/wp\/v2\/types\/page"}],"author":[{"embeddable":true,"href":"https:\/\/blogs.glowscotland.org.uk\/nl\/condorrat\/wp-json\/wp\/v2\/users\/30343"}],"replies":[{"embeddable":true,"href":"https:\/\/blogs.glowscotland.org.uk\/nl\/condorrat\/wp-json\/wp\/v2\/comments?post=283"}],"version-history":[{"count":55,"href":"https:\/\/blogs.glowscotland.org.uk\/nl\/condorrat\/wp-json\/wp\/v2\/pages\/283\/revisions"}],"predecessor-version":[{"id":1768,"href":"https:\/\/blogs.glowscotland.org.uk\/nl\/condorrat\/wp-json\/wp\/v2\/pages\/283\/revisions\/1768"}],"wp:attachment":[{"href":"https:\/\/blogs.glowscotland.org.uk\/nl\/condorrat\/wp-json\/wp\/v2\/media?parent=283"}],"curies":[{"name":"wp","href":"https:\/\/api.w.org\/{rel}","templated":true}]}}