{"id":108,"date":"2019-11-19T23:42:51","date_gmt":"2019-11-19T23:42:51","guid":{"rendered":"https:\/\/blogs.glowscotland.org.uk\/in\/whinhillprimaryschool\/?page_id=108"},"modified":"2026-02-18T14:56:38","modified_gmt":"2026-02-18T14:56:38","slug":"gaidhlig-primary-4-7","status":"publish","type":"page","link":"https:\/\/blogs.glowscotland.org.uk\/in\/whinhillprimaryschool\/gaidhlig-primary-4-7\/","title":{"rendered":"G\u00e0idhlig Primary 4-7"},"content":{"rendered":"<p><strong>Tidsear:\u00a0<\/strong>Mrs Sharp<\/p>\n<p><img loading=\"lazy\" decoding=\"async\" data-attachment-id=\"2932\" data-permalink=\"https:\/\/blogs.glowscotland.org.uk\/in\/whinhillprimaryschool\/gaidhlig-primary-4-7\/untitled-design\/\" data-orig-file=\"https:\/\/blogs.glowscotland.org.uk\/in\/public\/whinhillprimaryschool\/uploads\/sites\/6094\/2025\/08\/28123541\/Untitled-design.png\" data-orig-size=\"1260,945\" data-comments-opened=\"0\" data-image-meta=\"{&quot;aperture&quot;:&quot;0&quot;,&quot;credit&quot;:&quot;&quot;,&quot;camera&quot;:&quot;&quot;,&quot;caption&quot;:&quot;&quot;,&quot;created_timestamp&quot;:&quot;0&quot;,&quot;copyright&quot;:&quot;&quot;,&quot;focal_length&quot;:&quot;0&quot;,&quot;iso&quot;:&quot;0&quot;,&quot;shutter_speed&quot;:&quot;0&quot;,&quot;title&quot;:&quot;&quot;,&quot;orientation&quot;:&quot;0&quot;}\" data-image-title=\"Untitled design\" data-image-description=\"\" data-image-caption=\"\" data-medium-file=\"https:\/\/blogs.glowscotland.org.uk\/in\/public\/whinhillprimaryschool\/uploads\/sites\/6094\/2025\/08\/28123541\/Untitled-design-300x225.png\" data-large-file=\"https:\/\/blogs.glowscotland.org.uk\/in\/public\/whinhillprimaryschool\/uploads\/sites\/6094\/2025\/08\/28123541\/Untitled-design-1024x768.png\" class=\"aligncenter wp-image-2932 size-large\" src=\"https:\/\/blogs.glowscotland.org.uk\/in\/public\/whinhillprimaryschool\/uploads\/sites\/6094\/2025\/08\/28123541\/Untitled-design-1024x768.png\" alt=\"\" width=\"474\" height=\"356\" srcset=\"https:\/\/blogs.glowscotland.org.uk\/in\/public\/whinhillprimaryschool\/uploads\/sites\/6094\/2025\/08\/28123541\/Untitled-design-1024x768.png 1024w, https:\/\/blogs.glowscotland.org.uk\/in\/public\/whinhillprimaryschool\/uploads\/sites\/6094\/2025\/08\/28123541\/Untitled-design-300x225.png 300w, https:\/\/blogs.glowscotland.org.uk\/in\/public\/whinhillprimaryschool\/uploads\/sites\/6094\/2025\/08\/28123541\/Untitled-design-768x576.png 768w, https:\/\/blogs.glowscotland.org.uk\/in\/public\/whinhillprimaryschool\/uploads\/sites\/6094\/2025\/08\/28123541\/Untitled-design.png 1260w\" sizes=\"auto, (max-width: 474px) 100vw, 474px\" \/><\/p>\n<p><strong>L\u00e0ithean sp\u00f2rs:<\/strong> Dim\u00e0irt agus Diciadain<\/p>\n<p><strong>PE Days:<\/strong> Tuesday and Wednesday<\/p>\n<p class=\"cvGsUA direction-ltr align-center para-style-body\"><span class=\"a_GcMg font-feature-liga-off font-feature-clig-off font-feature-calt-off text-decoration-none text-strikethrough-none\">F\u00e0ilte gu duilleag Clas 4-7 aig Bun-sgoil Chnoc a\u2019 Chonaisg! &#8216;S e clas gu math d\u00eccheallach agus trang a th&#8217; unnainn. Anns a\u2019 chlas againn bidh sinn ag ionnsachadh a h-uile raon den churraicealam tro mheadhan na G\u00e0idhlig, fi\u00f9 &#8216;s Beurla! Is e Artaigil 30 de Cho-chruinneachadh nan D\u00f9thchannan Aonaichte air C\u00f2raichean Chloinne an c\u00f2ir as fhe\u00e0rr leinn, tha e ag r\u00e0dh gum bu ch\u00f2ir dha a h-uile duine a bhith comasach air an c\u00e0nan fh\u00e8in a bhruidhinn, an cultar aca a sgoileadh agus an creideamh fh\u00e8in a leantainn. Tha seo cho cudromach dhuinn ann an clas G\u00e0idhlig, is toil leinn c\u00e0nanan!<\/span><\/p>\n<p class=\"cvGsUA direction-ltr align-center para-style-body\"><span class=\"a_GcMg font-feature-liga-off font-feature-clig-off font-feature-calt-off text-decoration-none text-strikethrough-none\">Tha sinn uile air slighe ionnsachaidh ann an C4-7! Is toil leinn a bhith a\u2019 comharrachadh gach neach agus na buadhan m\u00ecorbhaileach a th\u2019 againn. Bidh sinn a\u2019 d\u00e8anamh seo le bhith a\u2019 leantainn ar c\u00f2ir-sgr\u00ecobhte, luachan na sgoile agus ar planaidean ionnsachaidh. Tha sinn an-c\u00f2mhnaidh a\u2019 str\u00ec ri ar sgilean a leasachadh.<\/span><\/p>\n<p class=\"cvGsUA direction-ltr align-center para-style-body\">&#8212;<\/p>\n<p class=\"cvGsUA direction-ltr align-center para-style-body\">Welcome to the GP4-7 class webpage! We are a very hard-working and busy class. In our class we learn all areas of the curriculum through Gaelic, even English! Article 30 of the UN Convention on the Rights of the Child is our favourite, it states everyone should be able to speak their own language, share their culture and follow their own religion. This\u00a0 is important to us at a Gaelic class, we love languages!<\/p>\n<div data-olk-copy-source=\"MessageBody\"><\/div>\n<div>We are all on our own learning journey in GP4-7! We love to celebrate each person as an individual and all of the wonderful qualities that we have. We do this by following our class charter, school values and our visible learning planets and are always striving to improve our skills.<\/div>\n<div><\/div>\n<div>Please follow us on X as we love to share with everyone the great and interesting things we do and learn about in the class.<\/div>\n<div><\/div>\n<div><\/div>\n<div><\/div>\n<table width=\"0\">\n<tbody>\n<tr>\n<td width=\"208\"><strong>CLASS NEWSLETTERS:<\/strong><\/td>\n<td width=\"393\"><a href=\"https:\/\/blogs.glowscotland.org.uk\/in\/public\/whinhillprimaryschool\/uploads\/sites\/6094\/2025\/09\/08174610\/GP4-7-Term-1-Newsletter.pdf\" target=\"_blank\" rel=\"noopener\">GP4-7 Term 1 Newsletter<\/a><\/p>\n<p><a href=\"https:\/\/blogs.glowscotland.org.uk\/in\/public\/whinhillprimaryschool\/uploads\/sites\/6094\/2025\/12\/17115906\/GP4-7-Term-2-Newsletter.pdf\">GP4-7 Term 2 Newsletter<\/a><\/p>\n<p><a href=\"https:\/\/blogs.glowscotland.org.uk\/in\/public\/whinhillprimaryschool\/uploads\/sites\/6094\/2026\/02\/18145617\/GP4-7-Term-3-Class-Newsletter.pdf\" target=\"_blank\" rel=\"noopener\">GP4-7 Term 3 Newsletter<\/a><\/td>\n<\/tr>\n<\/tbody>\n<\/table>\n<p>Bheir s\u00f9il air na dealbhan againn air X!<\/p>\n<p><img loading=\"lazy\" decoding=\"async\" data-attachment-id=\"2298\" data-permalink=\"https:\/\/blogs.glowscotland.org.uk\/in\/whinhillprimaryschool\/primary-4\/logo-black\/\" data-orig-file=\"https:\/\/blogs.glowscotland.org.uk\/in\/public\/whinhillprimaryschool\/uploads\/sites\/6094\/2023\/09\/04202622\/logo-black.png\" data-orig-size=\"1233,1260\" data-comments-opened=\"0\" data-image-meta=\"{&quot;aperture&quot;:&quot;0&quot;,&quot;credit&quot;:&quot;&quot;,&quot;camera&quot;:&quot;&quot;,&quot;caption&quot;:&quot;&quot;,&quot;created_timestamp&quot;:&quot;0&quot;,&quot;copyright&quot;:&quot;&quot;,&quot;focal_length&quot;:&quot;0&quot;,&quot;iso&quot;:&quot;0&quot;,&quot;shutter_speed&quot;:&quot;0&quot;,&quot;title&quot;:&quot;&quot;,&quot;orientation&quot;:&quot;0&quot;}\" data-image-title=\"logo-black\" data-image-description=\"\" data-image-caption=\"\" data-medium-file=\"https:\/\/blogs.glowscotland.org.uk\/in\/public\/whinhillprimaryschool\/uploads\/sites\/6094\/2023\/09\/04202622\/logo-black-294x300.png\" data-large-file=\"https:\/\/blogs.glowscotland.org.uk\/in\/public\/whinhillprimaryschool\/uploads\/sites\/6094\/2023\/09\/04202622\/logo-black-1002x1024.png\" class=\"wp-image-2298 alignnone\" src=\"https:\/\/blogs.glowscotland.org.uk\/in\/public\/whinhillprimaryschool\/uploads\/sites\/6094\/2023\/09\/04202622\/logo-black.png\" alt=\"\" width=\"61\" height=\"62\" srcset=\"https:\/\/blogs.glowscotland.org.uk\/in\/public\/whinhillprimaryschool\/uploads\/sites\/6094\/2023\/09\/04202622\/logo-black.png 1233w, https:\/\/blogs.glowscotland.org.uk\/in\/public\/whinhillprimaryschool\/uploads\/sites\/6094\/2023\/09\/04202622\/logo-black-294x300.png 294w, https:\/\/blogs.glowscotland.org.uk\/in\/public\/whinhillprimaryschool\/uploads\/sites\/6094\/2023\/09\/04202622\/logo-black-1002x1024.png 1002w, https:\/\/blogs.glowscotland.org.uk\/in\/public\/whinhillprimaryschool\/uploads\/sites\/6094\/2023\/09\/04202622\/logo-black-150x150.png 150w, https:\/\/blogs.glowscotland.org.uk\/in\/public\/whinhillprimaryschool\/uploads\/sites\/6094\/2023\/09\/04202622\/logo-black-768x785.png 768w\" sizes=\"auto, (max-width: 61px) 100vw, 61px\" \/>Follow us on X: \u00a0<a href=\"http:\/\/www.x.com\/mrssharpwps\" target=\"_blank\" rel=\"noopener\"><strong><span style=\"color: #3366ff\">@MrsSharpWPS<\/span><\/strong><\/a><\/p>\n<p>&nbsp;<\/p>\n<p>Seo an tidsear againn, here is our class teacher, Mrs Sharp:<\/p>\n<div data-carousel-extra='{\"blog_id\":6094,\"permalink\":\"https:\\\/\\\/blogs.glowscotland.org.uk\\\/in\\\/whinhillprimaryschool\\\/gaidhlig-primary-4-7\\\/\"}' id='gallery-1' class='gallery galleryid-108 gallery-columns-3 gallery-size-medium'><figure class='gallery-item'>\n\t\t\t<div class='gallery-icon portrait'>\n\t\t\t\t<img loading=\"lazy\" decoding=\"async\" width=\"190\" height=\"300\" src=\"https:\/\/blogs.glowscotland.org.uk\/in\/public\/whinhillprimaryschool\/uploads\/sites\/6094\/2020\/09\/15174640\/IMG_6666.jpg\" class=\"attachment-medium size-medium\" alt=\"\" data-attachment-id=\"1599\" data-permalink=\"https:\/\/blogs.glowscotland.org.uk\/in\/whinhillprimaryschool\/primary-4-3\/img_6666\/\" data-orig-file=\"https:\/\/blogs.glowscotland.org.uk\/in\/public\/whinhillprimaryschool\/uploads\/sites\/6094\/2020\/09\/15174640\/IMG_6666.jpg\" data-orig-size=\"796,1260\" data-comments-opened=\"0\" data-image-meta=\"{&quot;aperture&quot;:&quot;1.8&quot;,&quot;credit&quot;:&quot;&quot;,&quot;camera&quot;:&quot;iPhone 11&quot;,&quot;caption&quot;:&quot;&quot;,&quot;created_timestamp&quot;:&quot;1597333493&quot;,&quot;copyright&quot;:&quot;&quot;,&quot;focal_length&quot;:&quot;4.25&quot;,&quot;iso&quot;:&quot;125&quot;,&quot;shutter_speed&quot;:&quot;0.0088495575221239&quot;,&quot;title&quot;:&quot;&quot;,&quot;orientation&quot;:&quot;0&quot;}\" data-image-title=\"IMG_6666\" data-image-description=\"\" data-image-caption=\"\" data-medium-file=\"https:\/\/blogs.glowscotland.org.uk\/in\/public\/whinhillprimaryschool\/uploads\/sites\/6094\/2020\/09\/15174640\/IMG_6666.jpg\" data-large-file=\"https:\/\/blogs.glowscotland.org.uk\/in\/public\/whinhillprimaryschool\/uploads\/sites\/6094\/2020\/09\/15174640\/IMG_6666.jpg\" \/>\n\t\t\t<\/div><\/figure>\n\t\t<\/div>\n\n<p>&nbsp;<\/p>\n","protected":false},"excerpt":{"rendered":"<p>Tidsear:\u00a0Mrs Sharp L\u00e0ithean sp\u00f2rs: Dim\u00e0irt agus Diciadain PE Days: Tuesday and Wednesday F\u00e0ilte gu duilleag Clas 4-7 aig Bun-sgoil Chnoc a\u2019 Chonaisg! &#8216;S e clas gu math d\u00eccheallach agus trang a th&#8217; unnainn. Anns a\u2019 chlas againn bidh sinn ag ionnsachadh a h-uile raon den churraicealam tro mheadhan na G\u00e0idhlig, fi\u00f9 &#8216;s Beurla! Is e &hellip; <a href=\"https:\/\/blogs.glowscotland.org.uk\/in\/whinhillprimaryschool\/gaidhlig-primary-4-7\/\" class=\"more-link\">Continue reading <span class=\"screen-reader-text\">G\u00e0idhlig Primary 4-7<\/span> <span class=\"meta-nav\">&rarr;<\/span><\/a><\/p>\n","protected":false},"author":5686,"featured_media":0,"parent":0,"menu_order":0,"comment_status":"closed","ping_status":"closed","template":"","meta":{"footnotes":""},"class_list":["post-108","page","type-page","status-publish","hentry"],"jetpack_sharing_enabled":true,"_links":{"self":[{"href":"https:\/\/blogs.glowscotland.org.uk\/in\/whinhillprimaryschool\/wp-json\/wp\/v2\/pages\/108","targetHints":{"allow":["GET"]}}],"collection":[{"href":"https:\/\/blogs.glowscotland.org.uk\/in\/whinhillprimaryschool\/wp-json\/wp\/v2\/pages"}],"about":[{"href":"https:\/\/blogs.glowscotland.org.uk\/in\/whinhillprimaryschool\/wp-json\/wp\/v2\/types\/page"}],"author":[{"embeddable":true,"href":"https:\/\/blogs.glowscotland.org.uk\/in\/whinhillprimaryschool\/wp-json\/wp\/v2\/users\/5686"}],"replies":[{"embeddable":true,"href":"https:\/\/blogs.glowscotland.org.uk\/in\/whinhillprimaryschool\/wp-json\/wp\/v2\/comments?post=108"}],"version-history":[{"count":72,"href":"https:\/\/blogs.glowscotland.org.uk\/in\/whinhillprimaryschool\/wp-json\/wp\/v2\/pages\/108\/revisions"}],"predecessor-version":[{"id":3141,"href":"https:\/\/blogs.glowscotland.org.uk\/in\/whinhillprimaryschool\/wp-json\/wp\/v2\/pages\/108\/revisions\/3141"}],"wp:attachment":[{"href":"https:\/\/blogs.glowscotland.org.uk\/in\/whinhillprimaryschool\/wp-json\/wp\/v2\/media?parent=108"}],"curies":[{"name":"wp","href":"https:\/\/api.w.org\/{rel}","templated":true}]}}