{"id":105,"date":"2019-11-19T23:42:25","date_gmt":"2019-11-19T23:42:25","guid":{"rendered":"https:\/\/blogs.glowscotland.org.uk\/in\/whinhillprimaryschool\/?page_id=105"},"modified":"2026-02-18T14:55:10","modified_gmt":"2026-02-18T14:55:10","slug":"gaidhlig-primary-1-3","status":"publish","type":"page","link":"https:\/\/blogs.glowscotland.org.uk\/in\/whinhillprimaryschool\/gaidhlig-primary-1-3\/","title":{"rendered":"G\u00e0idhlig Primary 1-3"},"content":{"rendered":"<p><strong>Tidsear:<\/strong>\u00a0 Mgr Mac a&#8217; Ph\u00ec\/Mrs MacIsaac<\/p>\n<p><img loading=\"lazy\" decoding=\"async\" data-attachment-id=\"2935\" data-permalink=\"https:\/\/blogs.glowscotland.org.uk\/in\/whinhillprimaryschool\/gaidhlig-primary-1-3\/gp1-3-class-photo\/\" data-orig-file=\"https:\/\/blogs.glowscotland.org.uk\/in\/public\/whinhillprimaryschool\/uploads\/sites\/6094\/2025\/08\/28142801\/GP1-3-Class-Photo.png\" data-orig-size=\"1260,945\" data-comments-opened=\"0\" data-image-meta=\"{&quot;aperture&quot;:&quot;0&quot;,&quot;credit&quot;:&quot;&quot;,&quot;camera&quot;:&quot;&quot;,&quot;caption&quot;:&quot;&quot;,&quot;created_timestamp&quot;:&quot;0&quot;,&quot;copyright&quot;:&quot;&quot;,&quot;focal_length&quot;:&quot;0&quot;,&quot;iso&quot;:&quot;0&quot;,&quot;shutter_speed&quot;:&quot;0&quot;,&quot;title&quot;:&quot;&quot;,&quot;orientation&quot;:&quot;0&quot;}\" data-image-title=\"GP1-3 Class Photo\" data-image-description=\"\" data-image-caption=\"\" data-medium-file=\"https:\/\/blogs.glowscotland.org.uk\/in\/public\/whinhillprimaryschool\/uploads\/sites\/6094\/2025\/08\/28142801\/GP1-3-Class-Photo-300x225.png\" data-large-file=\"https:\/\/blogs.glowscotland.org.uk\/in\/public\/whinhillprimaryschool\/uploads\/sites\/6094\/2025\/08\/28142801\/GP1-3-Class-Photo-1024x768.png\" class=\"aligncenter wp-image-2935 size-large\" src=\"https:\/\/blogs.glowscotland.org.uk\/in\/public\/whinhillprimaryschool\/uploads\/sites\/6094\/2025\/08\/28142801\/GP1-3-Class-Photo-1024x768.png\" alt=\"\" width=\"474\" height=\"356\" srcset=\"https:\/\/blogs.glowscotland.org.uk\/in\/public\/whinhillprimaryschool\/uploads\/sites\/6094\/2025\/08\/28142801\/GP1-3-Class-Photo-1024x768.png 1024w, https:\/\/blogs.glowscotland.org.uk\/in\/public\/whinhillprimaryschool\/uploads\/sites\/6094\/2025\/08\/28142801\/GP1-3-Class-Photo-300x225.png 300w, https:\/\/blogs.glowscotland.org.uk\/in\/public\/whinhillprimaryschool\/uploads\/sites\/6094\/2025\/08\/28142801\/GP1-3-Class-Photo-768x576.png 768w, https:\/\/blogs.glowscotland.org.uk\/in\/public\/whinhillprimaryschool\/uploads\/sites\/6094\/2025\/08\/28142801\/GP1-3-Class-Photo.png 1260w\" sizes=\"auto, (max-width: 474px) 100vw, 474px\" \/><\/p>\n<p>F\u00e0ilte chun an duilleag aig Clas 1-3!<\/p>\n<p>Welcome to our GP1-3 class webpage!<\/p>\n<p>Anns a\u2019 chlas againn, tha a\u2019 Gh\u00e0idhlig aig cridhe a h-uile rud a n\u00ec sinn. Bidh ar n-ionnsachadh, ar cluich, agus t\u00f2rr rudan sp\u00f2rsail eile a\u2019 gabhail \u00e0ite tron \u200b\u200bGh\u00e0idhlig.<\/p>\n<p>Bidh sinn ag obair gu math c\u00f2mhla mar chlas, ag ionnsachadh bho ch\u00e8ile agus a\u2019 gabhail c\u00f9ram dha ch\u00e8ile. Is toil leinn ionnsachadh tro sheinn agus tha guthan binn againn uile.<\/p>\n<p>Tha sinn uile air slighe ionnsachaidh ann an C1-3 agus tha sinn a\u2019 toirt taic dha c\u00e0ch a ch\u00e8ile. Bidh sinn a\u2019 d\u00e8anamh seo le bhith a\u2019 leantainn ar c\u00f2ir-sgr\u00ecobhte,\u00a0 a chruthaich sinn aig toiseach na bliadhna.<\/p>\n<p>&#8212;<\/p>\n<p>In our class, Gaelic is at the centre of everything we do. All of our learning, play, discussion and fun take place through the Gaelic language.<\/p>\n<p>We work well together as a class, learning from each and taking care of one another. We love to learn through singing and we do it so well!<\/p>\n<p>We are all on our own learning journey in GP1-3 and we support each other on this journey. We do this by following our class charter, created by the children at the beginning of the year, these are the promises we make to one another on our expectations of each other.<\/p>\n<p>Please follow us on X as we love to share with everyone the great and interesting things we do and learn about in the class.<\/p>\n<table width=\"0\">\n<tbody>\n<tr>\n<td width=\"208\"><strong>CLASS NEWSLETTERS:<\/strong><\/td>\n<td width=\"393\"><a href=\"https:\/\/blogs.glowscotland.org.uk\/in\/public\/whinhillprimaryschool\/uploads\/sites\/6094\/2025\/09\/08174607\/GP1-3-Term-1-Newsletter.pdf\" target=\"_blank\" rel=\"noopener\">GP1-3 Term 1 Newsletter<\/a><\/p>\n<p><a href=\"https:\/\/blogs.glowscotland.org.uk\/in\/public\/whinhillprimaryschool\/uploads\/sites\/6094\/2025\/11\/06220345\/GP1-3-Term-2-Class-Newsletter.pdf\" target=\"_blank\" rel=\"noopener\">GP1-3 Term 2 Newsletter<\/a><\/p>\n<p><a href=\"https:\/\/blogs.glowscotland.org.uk\/in\/public\/whinhillprimaryschool\/uploads\/sites\/6094\/2026\/02\/18145421\/GP1-3-Term-3-Class-Newsletter.pdf\" target=\"_blank\" rel=\"noopener\">GP1-3 Term 3 Newsletter<\/a><\/td>\n<\/tr>\n<\/tbody>\n<\/table>\n<p>Teirm 1 ann an clas 1-3, have a look at some of our term 1 memories:<\/p>\n<p><iframe loading=\"lazy\" title=\"Teirm 1 C1-3\" width=\"474\" height=\"356\" src=\"https:\/\/www.youtube.com\/embed\/rCGkYuPDVGQ?feature=oembed\" frameborder=\"0\" allow=\"accelerometer; autoplay; clipboard-write; encrypted-media; gyroscope; picture-in-picture; web-share\" referrerpolicy=\"strict-origin-when-cross-origin\" allowfullscreen><\/iframe><\/p>\n<p>Teirm 2 ann an clas 1-3, have a look at some of our term 2 memories:<\/p>\n<p><iframe loading=\"lazy\" title=\"Teirm 2 C1-3\" width=\"474\" height=\"356\" src=\"https:\/\/www.youtube.com\/embed\/hbCfgyV169A?feature=oembed\" frameborder=\"0\" allow=\"accelerometer; autoplay; clipboard-write; encrypted-media; gyroscope; picture-in-picture; web-share\" referrerpolicy=\"strict-origin-when-cross-origin\" allowfullscreen><\/iframe><\/p>\n<p><span style=\"font-family: Arial\">We love to share some of the wonderful things we do in school so please follow our X page, please follow along!<\/span><\/p>\n<p><img loading=\"lazy\" decoding=\"async\" data-attachment-id=\"2298\" data-permalink=\"https:\/\/blogs.glowscotland.org.uk\/in\/whinhillprimaryschool\/primary-4\/logo-black\/\" data-orig-file=\"https:\/\/blogs.glowscotland.org.uk\/in\/public\/whinhillprimaryschool\/uploads\/sites\/6094\/2023\/09\/04202622\/logo-black.png\" data-orig-size=\"1233,1260\" data-comments-opened=\"0\" data-image-meta=\"{&quot;aperture&quot;:&quot;0&quot;,&quot;credit&quot;:&quot;&quot;,&quot;camera&quot;:&quot;&quot;,&quot;caption&quot;:&quot;&quot;,&quot;created_timestamp&quot;:&quot;0&quot;,&quot;copyright&quot;:&quot;&quot;,&quot;focal_length&quot;:&quot;0&quot;,&quot;iso&quot;:&quot;0&quot;,&quot;shutter_speed&quot;:&quot;0&quot;,&quot;title&quot;:&quot;&quot;,&quot;orientation&quot;:&quot;0&quot;}\" data-image-title=\"logo-black\" data-image-description=\"\" data-image-caption=\"\" data-medium-file=\"https:\/\/blogs.glowscotland.org.uk\/in\/public\/whinhillprimaryschool\/uploads\/sites\/6094\/2023\/09\/04202622\/logo-black-294x300.png\" data-large-file=\"https:\/\/blogs.glowscotland.org.uk\/in\/public\/whinhillprimaryschool\/uploads\/sites\/6094\/2023\/09\/04202622\/logo-black-1002x1024.png\" class=\"wp-image-2298 alignnone\" src=\"https:\/\/blogs.glowscotland.org.uk\/in\/public\/whinhillprimaryschool\/uploads\/sites\/6094\/2023\/09\/04202622\/logo-black.png\" alt=\"\" width=\"61\" height=\"62\" srcset=\"https:\/\/blogs.glowscotland.org.uk\/in\/public\/whinhillprimaryschool\/uploads\/sites\/6094\/2023\/09\/04202622\/logo-black.png 1233w, https:\/\/blogs.glowscotland.org.uk\/in\/public\/whinhillprimaryschool\/uploads\/sites\/6094\/2023\/09\/04202622\/logo-black-294x300.png 294w, https:\/\/blogs.glowscotland.org.uk\/in\/public\/whinhillprimaryschool\/uploads\/sites\/6094\/2023\/09\/04202622\/logo-black-1002x1024.png 1002w, https:\/\/blogs.glowscotland.org.uk\/in\/public\/whinhillprimaryschool\/uploads\/sites\/6094\/2023\/09\/04202622\/logo-black-150x150.png 150w, https:\/\/blogs.glowscotland.org.uk\/in\/public\/whinhillprimaryschool\/uploads\/sites\/6094\/2023\/09\/04202622\/logo-black-768x785.png 768w\" sizes=\"auto, (max-width: 61px) 100vw, 61px\" \/>Follow us on X: <a href=\"https:\/\/twitter.com\/GaidhligWPS\" target=\"_blank\" rel=\"noopener\">@GaidhligWPS<\/a><\/p>\n<p style=\"text-align: left\">Seo agaibh tidsearan ar clas, Mgr Mac a&#8217; Ph\u00ec agus Mrs MacIsaac<\/p>\n<div data-carousel-extra='{\"blog_id\":6094,\"permalink\":\"https:\\\/\\\/blogs.glowscotland.org.uk\\\/in\\\/whinhillprimaryschool\\\/gaidhlig-primary-1-3\\\/\"}' id='gallery-1' class='gallery galleryid-105 gallery-columns-4 gallery-size-medium'><figure class='gallery-item'>\n\t\t\t<div class='gallery-icon portrait'>\n\t\t\t\t<img loading=\"lazy\" decoding=\"async\" width=\"212\" height=\"300\" src=\"https:\/\/blogs.glowscotland.org.uk\/in\/public\/whinhillprimaryschool\/uploads\/sites\/6094\/2020\/09\/15173009\/Alasdair.jpg\" class=\"attachment-medium size-medium\" alt=\"\" data-attachment-id=\"1582\" data-permalink=\"https:\/\/blogs.glowscotland.org.uk\/in\/whinhillprimaryschool\/gaidhlig-primary-4-7\/alasdair\/\" data-orig-file=\"https:\/\/blogs.glowscotland.org.uk\/in\/public\/whinhillprimaryschool\/uploads\/sites\/6094\/2020\/09\/15173009\/Alasdair.jpg\" data-orig-size=\"889,1260\" data-comments-opened=\"0\" data-image-meta=\"{&quot;aperture&quot;:&quot;1.8&quot;,&quot;credit&quot;:&quot;&quot;,&quot;camera&quot;:&quot;iPhone 11&quot;,&quot;caption&quot;:&quot;&quot;,&quot;created_timestamp&quot;:&quot;1599041030&quot;,&quot;copyright&quot;:&quot;&quot;,&quot;focal_length&quot;:&quot;4.25&quot;,&quot;iso&quot;:&quot;80&quot;,&quot;shutter_speed&quot;:&quot;0.02&quot;,&quot;title&quot;:&quot;&quot;,&quot;orientation&quot;:&quot;0&quot;}\" data-image-title=\"Alasdair\" data-image-description=\"\" data-image-caption=\"\" data-medium-file=\"https:\/\/blogs.glowscotland.org.uk\/in\/public\/whinhillprimaryschool\/uploads\/sites\/6094\/2020\/09\/15173009\/Alasdair.jpg\" data-large-file=\"https:\/\/blogs.glowscotland.org.uk\/in\/public\/whinhillprimaryschool\/uploads\/sites\/6094\/2020\/09\/15173009\/Alasdair.jpg\" \/>\n\t\t\t<\/div><\/figure><figure class='gallery-item'>\n\t\t\t<div class='gallery-icon portrait'>\n\t\t\t\t<img loading=\"lazy\" decoding=\"async\" width=\"210\" height=\"300\" src=\"https:\/\/blogs.glowscotland.org.uk\/in\/public\/whinhillprimaryschool\/uploads\/sites\/6094\/2020\/09\/15173012\/Christine.jpg\" class=\"attachment-medium size-medium\" alt=\"\" data-attachment-id=\"1583\" data-permalink=\"https:\/\/blogs.glowscotland.org.uk\/in\/whinhillprimaryschool\/gaidhlig-primary-4-7\/christine\/\" data-orig-file=\"https:\/\/blogs.glowscotland.org.uk\/in\/public\/whinhillprimaryschool\/uploads\/sites\/6094\/2020\/09\/15173012\/Christine.jpg\" data-orig-size=\"880,1260\" data-comments-opened=\"0\" data-image-meta=\"{&quot;aperture&quot;:&quot;1.8&quot;,&quot;credit&quot;:&quot;&quot;,&quot;camera&quot;:&quot;iPhone 11&quot;,&quot;caption&quot;:&quot;&quot;,&quot;created_timestamp&quot;:&quot;1598966624&quot;,&quot;copyright&quot;:&quot;&quot;,&quot;focal_length&quot;:&quot;4.25&quot;,&quot;iso&quot;:&quot;100&quot;,&quot;shutter_speed&quot;:&quot;0.02&quot;,&quot;title&quot;:&quot;&quot;,&quot;orientation&quot;:&quot;0&quot;}\" data-image-title=\"Christine\" data-image-description=\"\" data-image-caption=\"\" data-medium-file=\"https:\/\/blogs.glowscotland.org.uk\/in\/public\/whinhillprimaryschool\/uploads\/sites\/6094\/2020\/09\/15173012\/Christine.jpg\" data-large-file=\"https:\/\/blogs.glowscotland.org.uk\/in\/public\/whinhillprimaryschool\/uploads\/sites\/6094\/2020\/09\/15173012\/Christine.jpg\" \/>\n\t\t\t<\/div><\/figure>\n\t\t<\/div>\n\n","protected":false},"excerpt":{"rendered":"<p>Tidsear:\u00a0 Mgr Mac a&#8217; Ph\u00ec\/Mrs MacIsaac F\u00e0ilte chun an duilleag aig Clas 1-3! Welcome to our GP1-3 class webpage! Anns a\u2019 chlas againn, tha a\u2019 Gh\u00e0idhlig aig cridhe a h-uile rud a n\u00ec sinn. Bidh ar n-ionnsachadh, ar cluich, agus t\u00f2rr rudan sp\u00f2rsail eile a\u2019 gabhail \u00e0ite tron \u200b\u200bGh\u00e0idhlig. Bidh sinn ag obair gu math &hellip; <a href=\"https:\/\/blogs.glowscotland.org.uk\/in\/whinhillprimaryschool\/gaidhlig-primary-1-3\/\" class=\"more-link\">Continue reading <span class=\"screen-reader-text\">G\u00e0idhlig Primary 1-3<\/span> <span class=\"meta-nav\">&rarr;<\/span><\/a><\/p>\n","protected":false},"author":5686,"featured_media":0,"parent":0,"menu_order":0,"comment_status":"closed","ping_status":"closed","template":"","meta":{"footnotes":""},"class_list":["post-105","page","type-page","status-publish","hentry"],"jetpack_sharing_enabled":true,"_links":{"self":[{"href":"https:\/\/blogs.glowscotland.org.uk\/in\/whinhillprimaryschool\/wp-json\/wp\/v2\/pages\/105","targetHints":{"allow":["GET"]}}],"collection":[{"href":"https:\/\/blogs.glowscotland.org.uk\/in\/whinhillprimaryschool\/wp-json\/wp\/v2\/pages"}],"about":[{"href":"https:\/\/blogs.glowscotland.org.uk\/in\/whinhillprimaryschool\/wp-json\/wp\/v2\/types\/page"}],"author":[{"embeddable":true,"href":"https:\/\/blogs.glowscotland.org.uk\/in\/whinhillprimaryschool\/wp-json\/wp\/v2\/users\/5686"}],"replies":[{"embeddable":true,"href":"https:\/\/blogs.glowscotland.org.uk\/in\/whinhillprimaryschool\/wp-json\/wp\/v2\/comments?post=105"}],"version-history":[{"count":68,"href":"https:\/\/blogs.glowscotland.org.uk\/in\/whinhillprimaryschool\/wp-json\/wp\/v2\/pages\/105\/revisions"}],"predecessor-version":[{"id":3138,"href":"https:\/\/blogs.glowscotland.org.uk\/in\/whinhillprimaryschool\/wp-json\/wp\/v2\/pages\/105\/revisions\/3138"}],"wp:attachment":[{"href":"https:\/\/blogs.glowscotland.org.uk\/in\/whinhillprimaryschool\/wp-json\/wp\/v2\/media?parent=105"}],"curies":[{"name":"wp","href":"https:\/\/api.w.org\/{rel}","templated":true}]}}