{"id":142,"date":"2025-11-16T19:47:33","date_gmt":"2025-11-16T19:47:33","guid":{"rendered":"https:\/\/blogs.glowscotland.org.uk\/gc\/glasgowgaelicprimaryschool\/?page_id=142"},"modified":"2025-11-16T19:47:33","modified_gmt":"2025-11-16T19:47:33","slug":"dearbhadh-caileachd-quality-assurance","status":"publish","type":"page","link":"https:\/\/blogs.glowscotland.org.uk\/gc\/glasgowgaelicprimaryschool\/dearbhadh-caileachd-quality-assurance\/","title":{"rendered":"Dearbhadh C\u00e0ileachd | Quality Assurance"},"content":{"rendered":"\n<p><\/p>\n\n\n\n<p>An-seo gheibh sibh fiosrachadh mun phlana-leasachaidh sgoile againn.  Gach bliadhna, th\u00e8id na pr\u00ecomhachasan leasachaidh againn a dhearbhachadh an d\u00e8idh c\u00f2mhradh le luchd-\u00f9idhe na sgoile.<\/p>\n\n\n\n<p><em>Our priorities for improvement are detailed in our School Improvement Plan (SIP) which is finalised each year after discussion with our stakeholders.<\/em><\/p>\n\n\n\n<p>Gach bliadhna san t-Sultain, gheibh sibh leth-bhreac den Aithisg Bhun-thomhasan agus C\u00e0ileachd againn a bhios a&#8217; cur cudrom air raointean curraicealair a leithid L\u00ectearrachd, \u00c0ireamhachd agus Sl\u00e0inte is Sunnd.<\/p>\n\n\n\n<p><em>On an annual basis, in September you will receive a copy of our Standards and Quality Report which highlights progress in key curricular areas such as literacy, numeracy and health &amp; wellbeing.&nbsp;<\/em><\/p>\n","protected":false},"excerpt":{"rendered":"<p>An-seo gheibh sibh fiosrachadh mun phlana-leasachaidh sgoile againn. Gach bliadhna, th\u00e8id na pr\u00ecomhachasan leasachaidh againn a dhearbhachadh an d\u00e8idh c\u00f2mhradh le luchd-\u00f9idhe na sgoile. Our priorities for improvement are detailed in our School Improvement Plan (SIP) which is finalised each year after discussion with our stakeholders. Gach bliadhna san t-Sultain, gheibh sibh leth-bhreac den Aithisg &hellip; <\/p>\n<p class=\"link-more\"><a href=\"https:\/\/blogs.glowscotland.org.uk\/gc\/glasgowgaelicprimaryschool\/dearbhadh-caileachd-quality-assurance\/\" class=\"more-link\">Continue reading<span class=\"screen-reader-text\"> &#8220;Dearbhadh C\u00e0ileachd | Quality Assurance&#8221;<\/span><\/a><\/p>\n","protected":false},"author":5546,"featured_media":0,"parent":0,"menu_order":0,"comment_status":"closed","ping_status":"closed","template":"","meta":{"footnotes":""},"class_list":["post-142","page","type-page","status-publish","hentry"],"_links":{"self":[{"href":"https:\/\/blogs.glowscotland.org.uk\/gc\/glasgowgaelicprimaryschool\/wp-json\/wp\/v2\/pages\/142","targetHints":{"allow":["GET"]}}],"collection":[{"href":"https:\/\/blogs.glowscotland.org.uk\/gc\/glasgowgaelicprimaryschool\/wp-json\/wp\/v2\/pages"}],"about":[{"href":"https:\/\/blogs.glowscotland.org.uk\/gc\/glasgowgaelicprimaryschool\/wp-json\/wp\/v2\/types\/page"}],"author":[{"embeddable":true,"href":"https:\/\/blogs.glowscotland.org.uk\/gc\/glasgowgaelicprimaryschool\/wp-json\/wp\/v2\/users\/5546"}],"replies":[{"embeddable":true,"href":"https:\/\/blogs.glowscotland.org.uk\/gc\/glasgowgaelicprimaryschool\/wp-json\/wp\/v2\/comments?post=142"}],"version-history":[{"count":1,"href":"https:\/\/blogs.glowscotland.org.uk\/gc\/glasgowgaelicprimaryschool\/wp-json\/wp\/v2\/pages\/142\/revisions"}],"predecessor-version":[{"id":143,"href":"https:\/\/blogs.glowscotland.org.uk\/gc\/glasgowgaelicprimaryschool\/wp-json\/wp\/v2\/pages\/142\/revisions\/143"}],"wp:attachment":[{"href":"https:\/\/blogs.glowscotland.org.uk\/gc\/glasgowgaelicprimaryschool\/wp-json\/wp\/v2\/media?parent=142"}],"curies":[{"name":"wp","href":"https:\/\/api.w.org\/{rel}","templated":true}]}}