{"id":822,"date":"2016-02-12T08:57:24","date_gmt":"2016-02-12T08:57:24","guid":{"rendered":"https:\/\/blogs.glowscotland.org.uk\/es\/sgoilnanloch\/?page_id=822"},"modified":"2022-03-29T15:19:12","modified_gmt":"2022-03-29T15:19:12","slug":"vision-values-aims","status":"publish","type":"page","link":"https:\/\/blogs.glowscotland.org.uk\/es\/sgoilnanloch\/failtewelcome\/vision-values-aims\/","title":{"rendered":"Leirsinn, Luachan, Amasan\/Vision, Values, Aims"},"content":{"rendered":"<p><strong><em><u>Facal- Suaicheantais<\/u><\/em><\/strong><strong><u>\/ Motto<\/u><\/strong><u>:<\/u><\/p>\n<p>An t\u00f2ir air S\u00e0r- Mhaitheis\/\u00a0 In pursuit of Excellence<\/p>\n<p><strong><em>Luachan<\/em><\/strong><strong>\/ Our Values<\/strong><\/p>\n<p><em>Tha a h-uile duine cudromach agus tha sinn a\u2019 toirt urram dha ch\u00e8ile.\/ <\/em><strong>Everyone is somebody and we fit right together.<\/strong><\/p>\n<p><em>Bidh sinn a\u2019 brosnachadh:\/\u00a0 <\/em><strong>We encourage:<\/strong><\/p>\n<table>\n<tbody>\n<tr>\n<td width=\"301\">\n<p style=\"text-align: center\"><em>\u00c0rd Amas\/<\/em><strong>Ambition<\/strong><\/p>\n<p style=\"text-align: center\"><em>Urram\/<\/em><strong>Respect<\/strong><\/p>\n<p style=\"text-align: center\"><em>Uallach\/<\/em><strong>Responsibility<\/strong><\/p>\n<p style=\"text-align: center\"><em>Co-ionnanachd\/<\/em><strong>Inclusion<\/strong><\/p>\n<p style=\"text-align: center\"><em>Toileachas\/<\/em><strong>Happiness<\/strong><\/p>\n<p style=\"text-align: center\"><em>S\u00e0bhailteachd\/<\/em><strong>Safety<\/strong><\/p>\n<\/td>\n<td width=\"301\"><\/td>\n<\/tr>\n<\/tbody>\n<\/table>\n<p><strong><em><u>Ar Leirsinn is ar n-amasan<\/u><\/em><\/strong><strong><u> \/ Our Vision and Aims<\/u><\/strong><\/p>\n<ul>\n<li><i><em>A bhith a&#8217; cruthachadh agus a\u2019 leasachadh \u00e0rainneachd a leigeas le gach duine a bhith d\u00f2chasach, misneachdail agus a\u2019 toirt urram dha ch\u00e8ile.<\/em><em>\u00a0<\/em><\/i><\/li>\n<li><strong>To maintain and continually improve an inclusive ethos where a positive attitude, confidence and mutual respect are developed and celebrated in everyone.<\/strong><\/li>\n<\/ul>\n<p>&nbsp;<\/p>\n<p><i><em>A bhith a\u2019 leasachadh seasmhachd tro chothroman cheanais; gus sgilean airson beatha agus obair a leasachadh agus a bhith a\u2019 meas an \u00e0rainneachd luachmhor ann an d\u00e0 chuid air taobh a-staigh agus taobh a-muigh an sg\u00ecre fh\u00e8in.<\/em><em>\u00a0<\/em><\/i><\/p>\n<ul>\n<li><strong>To develop an ethos of sustainability in all through opportunities for leadership; to develop skills for life and work and to consider all areas of their immediate and wider environment.<\/strong><\/li>\n<\/ul>\n<p>&nbsp;<\/p>\n<ul>\n<li><i><em>Airson d\u00e8anamh cinnteach gu bheil cothroman agus taic aig gach duine a leigeas dhaibh str\u00ec a dh\u00e8anamh gus an uile chomasan a leasachdadh agus a\u2019 toirt gu buil.<\/em><em>\u00a0<\/em><\/i><\/li>\n<li><strong>To ensure that all have opportunities to develop ambition and achievement in and out of school supported and challenged so all can reach their potential.<\/strong><\/li>\n<\/ul>\n<p>&nbsp;<\/p>\n<ul>\n<li><i><em>A bhith a&#8217; co-obrachadh c\u00f2mhla ri p\u00e0rantan agus an coimhearsneachd gu l\u00e8ir airson piseach a thoirt air ionnsachadh is e\u00f2las gach duine. <\/em><\/i><\/li>\n<li><i><strong>To maintain and continually improve partnerships with parents and the wider community to enhance learning and the experiences of all.<\/strong><\/i><\/li>\n<\/ul>\n<p><a href=\"https:\/\/blogs.glowscotland.org.uk\/es\/sgoilnanloch\/files\/2016\/02\/IMG_2405-e1455260732728.jpg\">\u00a0<\/a><\/p>\n<table summary=\"Page Footer\">\n<thead>\n<tr>\n<th scope=\"col\">In pursuit of excellence<\/th>\n<th scope=\"col\"><a href=\"https:\/\/blogs.glowscotland.org.uk\/es\/public\/sgoilnanloch\/uploads\/sites\/2299\/2016\/01\/logo.gif\"><img loading=\"lazy\" decoding=\"async\" data-attachment-id=\"787\" data-permalink=\"https:\/\/blogs.glowscotland.org.uk\/es\/sgoilnanloch\/failtewelcome\/luchd-obrachstaff\/logo\/\" data-orig-file=\"https:\/\/blogs.glowscotland.org.uk\/es\/public\/sgoilnanloch\/uploads\/sites\/2299\/2016\/01\/logo.gif\" data-orig-size=\"135,135\" data-comments-opened=\"1\" data-image-meta=\"{&quot;aperture&quot;:&quot;0&quot;,&quot;credit&quot;:&quot;&quot;,&quot;camera&quot;:&quot;&quot;,&quot;caption&quot;:&quot;&quot;,&quot;created_timestamp&quot;:&quot;0&quot;,&quot;copyright&quot;:&quot;&quot;,&quot;focal_length&quot;:&quot;0&quot;,&quot;iso&quot;:&quot;0&quot;,&quot;shutter_speed&quot;:&quot;0&quot;,&quot;title&quot;:&quot;&quot;,&quot;orientation&quot;:&quot;0&quot;}\" data-image-title=\"logo\" data-image-description=\"\" data-image-caption=\"\" data-medium-file=\"https:\/\/blogs.glowscotland.org.uk\/es\/public\/sgoilnanloch\/uploads\/sites\/2299\/2016\/01\/logo.gif\" data-large-file=\"https:\/\/blogs.glowscotland.org.uk\/es\/public\/sgoilnanloch\/uploads\/sites\/2299\/2016\/01\/logo.gif\" class=\"alignnone size-full wp-image-787\" src=\"https:\/\/blogs.glowscotland.org.uk\/es\/public\/sgoilnanloch\/uploads\/sites\/2299\/2016\/01\/logo.gif\" alt=\"logo\" width=\"135\" height=\"135\" \/><\/a><\/th>\n<\/tr>\n<\/thead>\n<\/table>\n","protected":false},"excerpt":{"rendered":"<p>Facal- Suaicheantais\/ Motto: An t\u00f2ir air S\u00e0r- Mhaitheis\/\u00a0 In pursuit of Excellence Luachan\/ Our Values Tha a h-uile duine cudromach agus tha sinn a\u2019 toirt urram dha ch\u00e8ile.\/ Everyone is somebody and we fit right together. Bidh sinn a\u2019 brosnachadh:\/\u00a0 We encourage: \u00c0rd Amas\/Ambition Urram\/Respect Uallach\/Responsibility Co-ionnanachd\/Inclusion Toileachas\/Happiness S\u00e0bhailteachd\/Safety Ar Leirsinn is ar n-amasan \/ &hellip; <a href=\"https:\/\/blogs.glowscotland.org.uk\/es\/sgoilnanloch\/failtewelcome\/vision-values-aims\/\" class=\"more-link\">Continue reading <span class=\"screen-reader-text\">Leirsinn, Luachan, Amasan\/Vision, Values, Aims<\/span> <span class=\"meta-nav\">&rarr;<\/span><\/a><\/p>\n","protected":false},"author":3897,"featured_media":0,"parent":264,"menu_order":0,"comment_status":"closed","ping_status":"closed","template":"","meta":{"footnotes":""},"class_list":["post-822","page","type-page","status-publish","hentry"],"jetpack_sharing_enabled":true,"_links":{"self":[{"href":"https:\/\/blogs.glowscotland.org.uk\/es\/sgoilnanloch\/wp-json\/wp\/v2\/pages\/822","targetHints":{"allow":["GET"]}}],"collection":[{"href":"https:\/\/blogs.glowscotland.org.uk\/es\/sgoilnanloch\/wp-json\/wp\/v2\/pages"}],"about":[{"href":"https:\/\/blogs.glowscotland.org.uk\/es\/sgoilnanloch\/wp-json\/wp\/v2\/types\/page"}],"author":[{"embeddable":true,"href":"https:\/\/blogs.glowscotland.org.uk\/es\/sgoilnanloch\/wp-json\/wp\/v2\/users\/3897"}],"replies":[{"embeddable":true,"href":"https:\/\/blogs.glowscotland.org.uk\/es\/sgoilnanloch\/wp-json\/wp\/v2\/comments?post=822"}],"version-history":[{"count":19,"href":"https:\/\/blogs.glowscotland.org.uk\/es\/sgoilnanloch\/wp-json\/wp\/v2\/pages\/822\/revisions"}],"predecessor-version":[{"id":2957,"href":"https:\/\/blogs.glowscotland.org.uk\/es\/sgoilnanloch\/wp-json\/wp\/v2\/pages\/822\/revisions\/2957"}],"up":[{"embeddable":true,"href":"https:\/\/blogs.glowscotland.org.uk\/es\/sgoilnanloch\/wp-json\/wp\/v2\/pages\/264"}],"wp:attachment":[{"href":"https:\/\/blogs.glowscotland.org.uk\/es\/sgoilnanloch\/wp-json\/wp\/v2\/media?parent=822"}],"curies":[{"name":"wp","href":"https:\/\/api.w.org\/{rel}","templated":true}]}}