{"id":156,"date":"2025-12-11T14:33:37","date_gmt":"2025-12-11T14:33:37","guid":{"rendered":"https:\/\/blogs.glowscotland.org.uk\/es\/laxdale\/?page_id=156"},"modified":"2025-12-19T13:08:59","modified_gmt":"2025-12-19T13:08:59","slug":"mu-ar-deidhinn","status":"publish","type":"page","link":"https:\/\/blogs.glowscotland.org.uk\/es\/laxdale\/mu-ar-deidhinn\/","title":{"rendered":"Mu ar deidhinn"},"content":{"rendered":"<p><strong>**Please note &#8211; This page is in early development, and has been auto-translated. This may contain inaccuracies at present, and so will be updated in due course.**<\/strong><\/p>\n<p>Tha Bun-sgoil Lacasdail suidhichte ann am baile Lacasdail. Tha an sg\u00ecre-sgoile a\u2019 gabhail a-steach: Newmarket, Benside, Bakers Road, Newvalley, Napier Hill, Lacasdail, Bennadrove, Marybank, agus Maryhill. Tha 147 sgoilear againn an-dr\u00e0sta.<\/p>\n<p>Tha an sgoil a\u2019 frithealadh clann bho Bhun-sgoil 1 gu Bun-sgoil 7 agus tha solar ann airson Foghlam tro Mheadhan na G\u00e0idhlig. Chan eil an sgoil st\u00e8idhichte air buidheann creideimh.<\/p>\n<p>Tha an sgoil an urra ri Sgoil Araich Lacasdail agus Sgoil-\u00e0raich Lacasdail. Tha na buidhnean seo suidhichte ann an se\u00f2mraichean-teagaisg \u00f9ra san leudachadh sgoile againn, agus a\u2019 faighinn buannachd \u00e0s.<\/p>\n<p>Tha fichead leanabh eadar 2-5 bliadhna a dh&#8217;aois sa bhuidheann. Bidh iad a\u2019 coinneachadh agus a\u2019 gabhail p\u00e0irt gu cunbhalach ann an seiseanan ionnsachaidh c\u00f2mhla ri clasaichean Bun-sgoil 1.<\/p>\n<p>Tha an Sgoil Araich \/ Sgoil-\u00e0raich fosgailte a h-uile latha bho 8.30m \u2013 5.30f.<\/p>\n<p>*Is iad seo Luachan na Sgoile againn: Caoimhneas, C\u00e0irdeas, Obair-sgioba, Co-ionannachd agus Sp\u00e8is*<\/p>\n","protected":false},"excerpt":{"rendered":"<p>**Please note &#8211; This page is in early development, and has been auto-translated. This may contain inaccuracies at present, and so will be updated in due course.** Tha Bun-sgoil Lacasdail suidhichte ann am baile Lacasdail. Tha an sg\u00ecre-sgoile a\u2019 gabhail a-steach: Newmarket, Benside, Bakers Road, Newvalley, Napier Hill, Lacasdail, Bennadrove, Marybank, agus Maryhill. Tha 147 [&hellip;]<\/p>\n","protected":false},"author":4799,"featured_media":83,"parent":0,"menu_order":1,"comment_status":"closed","ping_status":"closed","template":"","meta":{"footnotes":""},"class_list":["post-156","page","type-page","status-publish","has-post-thumbnail","hentry"],"jetpack_sharing_enabled":true,"_links":{"self":[{"href":"https:\/\/blogs.glowscotland.org.uk\/es\/laxdale\/wp-json\/wp\/v2\/pages\/156","targetHints":{"allow":["GET"]}}],"collection":[{"href":"https:\/\/blogs.glowscotland.org.uk\/es\/laxdale\/wp-json\/wp\/v2\/pages"}],"about":[{"href":"https:\/\/blogs.glowscotland.org.uk\/es\/laxdale\/wp-json\/wp\/v2\/types\/page"}],"author":[{"embeddable":true,"href":"https:\/\/blogs.glowscotland.org.uk\/es\/laxdale\/wp-json\/wp\/v2\/users\/4799"}],"replies":[{"embeddable":true,"href":"https:\/\/blogs.glowscotland.org.uk\/es\/laxdale\/wp-json\/wp\/v2\/comments?post=156"}],"version-history":[{"count":6,"href":"https:\/\/blogs.glowscotland.org.uk\/es\/laxdale\/wp-json\/wp\/v2\/pages\/156\/revisions"}],"predecessor-version":[{"id":200,"href":"https:\/\/blogs.glowscotland.org.uk\/es\/laxdale\/wp-json\/wp\/v2\/pages\/156\/revisions\/200"}],"wp:featuredmedia":[{"embeddable":true,"href":"https:\/\/blogs.glowscotland.org.uk\/es\/laxdale\/wp-json\/wp\/v2\/media\/83"}],"wp:attachment":[{"href":"https:\/\/blogs.glowscotland.org.uk\/es\/laxdale\/wp-json\/wp\/v2\/media?parent=156"}],"curies":[{"name":"wp","href":"https:\/\/api.w.org\/{rel}","templated":true}]}}