{"id":10006,"date":"2021-11-11T15:03:18","date_gmt":"2021-11-11T15:03:18","guid":{"rendered":"https:\/\/blogs.glowscotland.org.uk\/ea\/jameshamiltonprimaryschool\/?page_id=10006"},"modified":"2024-04-30T08:47:41","modified_gmt":"2024-04-30T08:47:41","slug":"sgoil-na-coille-nuaidh","status":"publish","type":"page","link":"https:\/\/blogs.glowscotland.org.uk\/ea\/jameshamiltonprimaryschool\/sgoil-na-coille-nuaidh\/","title":{"rendered":"Sgoil na Coille Nuaidh"},"content":{"rendered":"<h4 style=\"text-align: center\"><strong>F\u00e0ilte don l\u00e0rach-l\u00ecn Sgoil na Coille Nuaidh agus Sgoil \u00c0raich na Coille Nuaidh | Welcome to our page for Sgoil na Coille Nuaidh and Sgoil \u00c0raich na Coille Nuaidh<\/strong><\/h4>\n<p><img decoding=\"async\" class=\"aligncenter\" src=\"https:\/\/blogs.glowscotland.org.uk\/ea\/public\/p1transitionatjhpsandsncn\/uploads\/sites\/18209\/2021\/04\/26191523\/Screenshot-2021-04-26-at-19.15.09.png\" alt=\"F\u00e0ilte gu Sgoil na Coille Nuaidh | Primary 1 Transition at James Hamilton Primary School and Sgoil na Coille Nuaidh\" \/><\/p>\n<p style=\"text-align: center\"><em>An seo gheibh thu fiosrachadh mun sgoil againn agus ceanglaichean feumail a dh \u2019fhaodadh a bhith feumail do theaghlaichean a thaobh foghlam tro mheadhan na G\u00e0idhlig |<\/em> Here you will be able to find information about our school, as well as useful links in relation to Gaelic Medium Education.<\/p>\n<h1 style=\"text-align: center\">Ar Sgoil | Our School<\/h1>\n<p style=\"text-align: center\"><strong>Carson foghlam tro mheadhan na G\u00e0idhlig? | Why choose Gaelic Medium Education?<\/strong><\/p>\n<p><em>Faodaidh clann a\u2019 toiseachadh air an t-slighe aca ann a Foghlam troimh mheadhan na G\u00e0idhlig aig Sgoil-\u00c0raidh na Coille Nuaidh air a Champas Uilleam McIllvanney.<\/em><\/p>\n<p><em>Tha am foghlam seo airson clan aois 3-5 a\u2019 toirt an cothrom dhaibh a bhith am bogadh ann a Gh\u00e0idhlig na bu thr\u00e0ithe. Tha seo a\u2019 toirt dhaibh deagh toiseach toiseachaidh airson a\u2019 leasachadh na sgilean c\u00e0nan aca anna Gh\u00e0idhlig anns a bhun-sgoil.<\/em><\/p>\n<p>Children can begin their journey through Gaelic Medium Education (GME) in the Early years at Sgoil-\u00c0raich na Coille Nuaidh on the William McIlvanney Campus. This 3-5 year old provision allows for children to be immersed in the Gaelic language from an early age which gives children a good foundation to enable them to progress to Gaelic primary school education<\/p>\n<p><em>Fhathast air a champas Uilleam McIlvanney tha clann a\u2019 cumail orra troimh Foghlam troimh mheadhan na G\u00e0idhlig (FTMG) bho Clas 1 gu Clas 7. Tha FTMG a\u2019 toirt cothroman do chlann is daoine \u00f2ga a bhith comasach ann a Gh\u00e0idhlig agus Beurla, a\u2019 leigeil le do ph\u00e0iste a bhith fileanta ann a ch\u00e0nan eile bho aois na b\u2019 \u00f2ige. Tha iad a\u2019 toiseachadh Beurla bho deireadh Clas 3 agus biodh d\u00f9il ann gum bidh clann d\u00e0-ch\u00e0nanach nuair a ruig iad Clas 7.<\/em><\/p>\n<p><em>Tha clann a tha a\u2019 tuigsinn barrachd na aon c\u00e0nan a\u2019 smaoineachadh ann an d\u00f2igh cruthachail is s\u00f9bailte \u2013 agus tha t\u00f2rr cothroman ann an diofar dreuchdan ma that thu d\u00e0-ch\u00e0nanach.<\/em><\/p>\n<p>Children continue through GME at Sgoil na Coille Nuaidh from Primary 1 to Primary 7 within the William McIlvanney Campus. GME gives children and young people the opportunity to become proficient in Gaelic as well as English, allowing your child to become fluent in another language from an early age. English is introduced from the end of Primary 3 and pupils can expect to be bilingual by the time they reach Primary 7.<\/p>\n<p>Children who understand more than one language are able to think more flexibly and creatively -and being bilingual offers many career opportunities.<\/p>\n<p>Fiosrachadh bho\/Information taken from: <a href=\"https:\/\/www.east-ayrshire.gov.uk\/EducationAndLearning\/Schools-LanguageAndCulturalSupport\/GaelicMediumEducation.aspx\">https:\/\/www.east-ayrshire.gov.uk\/EducationAndLearning\/Schools-LanguageAndCulturalSupport\/GaelicMediumEducation.aspx<\/a><\/p>\n<h1 style=\"text-align: center\">Ceanglaichean | Links<\/h1>\n<p style=\"text-align: center\"><em>Padlet do theaghlaichean le ceanglaichean feumail a thaobh foghlam tro mheadhan na G\u00e0idhlig |\u00a0<\/em>Here is our padlet with useful links relating to gaelic medium education including resources as well as support for families.<\/p>\n<p style=\"text-align: center\"><a href=\"https:\/\/padlet.com\/SnCNGaelic\/4ckxfdir45nik7fi\">https:\/\/padlet.com\/SnCNGaelic\/4ckxfdir45nik7fi<\/a><\/p>\n<h1 style=\"text-align: center\"><strong>Luchd-obrach | Staff<\/strong><\/h1>\n<p style=\"text-align: left\"><strong>Pr\u00ecomh thidsear | Principal Teacher<\/strong> &#8211; Miss Easton<\/p>\n<p style=\"text-align: left\"><strong>Luchd-teagaisg | Teachers<\/strong><\/p>\n<p style=\"text-align: left\">Clas 1-3\u00a0 \u00a0 \u00a0 \u00a0 Miss Miller<\/p>\n<p style=\"text-align: left\">Clas 4-7\u00a0 \u00a0 \u00a0 \u00a0 Miss Easton<\/p>\n<p style=\"text-align: left\">Ms Bannerman<\/p>\n<p style=\"text-align: left\"><strong>Sgoil \u00c0raich | Nursery<\/strong><\/p>\n<p style=\"text-align: left\">Mrs Farren<\/p>\n<p style=\"text-align: left\">Mrs Samson<\/p>\n<p style=\"text-align: left\">Mrs Barnie<\/p>\n<p style=\"text-align: left\"><strong>Co-chuidichean Taic Sgoilearan\/Pupil Support Assistant<\/strong><\/p>\n<p style=\"text-align: left\">\u00a0Mrs Nicol<\/p>\n<p style=\"text-align: left\">Mrs Robertson<\/p>\n","protected":false},"excerpt":{"rendered":"<p>F\u00e0ilte don l\u00e0rach-l\u00ecn Sgoil na Coille Nuaidh agus Sgoil \u00c0raich na Coille Nuaidh | Welcome to our page for Sgoil na Coille Nuaidh and Sgoil \u00c0raich na Coille Nuaidh An seo gheibh thu fiosrachadh mun sgoil againn agus ceanglaichean feumail a dh \u2019fhaodadh a bhith feumail do theaghlaichean a thaobh foghlam tro mheadhan na G\u00e0idhlig &hellip; <a href=\"https:\/\/blogs.glowscotland.org.uk\/ea\/jameshamiltonprimaryschool\/sgoil-na-coille-nuaidh\/\" class=\"more-link\">Continue reading <span class=\"screen-reader-text\">Sgoil na Coille Nuaidh<\/span> <span class=\"meta-nav\">&rarr;<\/span><\/a><\/p>\n","protected":false},"author":24444,"featured_media":0,"parent":0,"menu_order":3,"comment_status":"closed","ping_status":"closed","template":"","meta":{"footnotes":""},"class_list":["post-10006","page","type-page","status-publish","hentry"],"jetpack_sharing_enabled":true,"_links":{"self":[{"href":"https:\/\/blogs.glowscotland.org.uk\/ea\/jameshamiltonprimaryschool\/wp-json\/wp\/v2\/pages\/10006","targetHints":{"allow":["GET"]}}],"collection":[{"href":"https:\/\/blogs.glowscotland.org.uk\/ea\/jameshamiltonprimaryschool\/wp-json\/wp\/v2\/pages"}],"about":[{"href":"https:\/\/blogs.glowscotland.org.uk\/ea\/jameshamiltonprimaryschool\/wp-json\/wp\/v2\/types\/page"}],"author":[{"embeddable":true,"href":"https:\/\/blogs.glowscotland.org.uk\/ea\/jameshamiltonprimaryschool\/wp-json\/wp\/v2\/users\/24444"}],"replies":[{"embeddable":true,"href":"https:\/\/blogs.glowscotland.org.uk\/ea\/jameshamiltonprimaryschool\/wp-json\/wp\/v2\/comments?post=10006"}],"version-history":[{"count":7,"href":"https:\/\/blogs.glowscotland.org.uk\/ea\/jameshamiltonprimaryschool\/wp-json\/wp\/v2\/pages\/10006\/revisions"}],"predecessor-version":[{"id":12027,"href":"https:\/\/blogs.glowscotland.org.uk\/ea\/jameshamiltonprimaryschool\/wp-json\/wp\/v2\/pages\/10006\/revisions\/12027"}],"wp:attachment":[{"href":"https:\/\/blogs.glowscotland.org.uk\/ea\/jameshamiltonprimaryschool\/wp-json\/wp\/v2\/media?parent=10006"}],"curies":[{"name":"wp","href":"https:\/\/api.w.org\/{rel}","templated":true}]}}