{"id":1866,"date":"2015-11-14T08:52:08","date_gmt":"2015-11-14T08:52:08","guid":{"rendered":"https:\/\/blogs.glowscotland.org.uk\/ea\/gargiestonpsandecc\/?page_id=1866"},"modified":"2015-11-14T08:52:08","modified_gmt":"2015-11-14T08:52:08","slug":"french","status":"publish","type":"page","link":"https:\/\/blogs.glowscotland.org.uk\/ea\/gargiestonpsandecc\/french\/","title":{"rendered":"French"},"content":{"rendered":"<p>Bienvenue \u00e0 Gargieston primaire et Centre de la petite enfance<\/p>\n<p>fran\u00e7ais<\/p>\n<p>Ici, dans Gargieston primaire et Centre de la petite enfance, nous continuons de promouvoir nos valeurs fondamentales:<\/p>\n<p>Amiti\u00e9 Bonheur RESPECT MOTIVATION<\/p>\n<p>Nous croyons que tous les enfants et les adultes devraient profiter de l&#8217;apprentissage, le succ\u00e8s de l&#8217;exp\u00e9rience et ont des attentes \u00e9lev\u00e9es de ce qu&#8217;ils peuvent r\u00e9aliser. Le personnel de notre \u00e9cole et Centre de la petite enfance travaillent en vue de cr\u00e9er une atmosph\u00e8re d&#8217;apprentissage d\u00e9tendu heureux l\u00e0 o\u00f9 votre enfant sera encourag\u00e9 \u00e0 participer \u00e0 la vie de l&#8217;\u00e9cole, de travailler dur et d&#8217;\u0153uvrer pour r\u00e9aliser le meilleur possible pour lui-m\u00eame \/ elle-m\u00eame.<\/p>\n<p>L&#8217;importance de la famille sur les enfants et leur apprentissage est donc crucial que l&#8217;\u00e9cole nous souhaitons activement vous, les familles et les parents, impliquer davantage dans l&#8217;\u00e9ducation de vos enfants. Notre \u00e9cole se nourrit de ce partenariat que nous \u00e9tablissons avec vous et notre communaut\u00e9.<\/p>\n<p>Nous esp\u00e9rons que les images et les messages au sein de ce site \/ blog aide \u00e0 transmettre la philosophie de notre \u00e9cole mais nous aimerions aussi vous inviter \u00e0 venir dans l&#8217;\u00e9cole et la maternelle \u00e0 apprendre \u00e0 nous conna\u00eetre de premi\u00e8re main.<\/p>\n<p>Gargieston est un lieu pour apprendre et ce site web \/ blog est constamment sous-construction. En tant qu&#8217;\u00e9quipe, nous apprenons ensemble et que de plus en plus d&#8217;enfants et le personnel apprennent \u00e0 poster et cr\u00e9er des pages, vous verrez nos progr\u00e8s. Nous avons tous des styles d&#8217;apprentissage et des progr\u00e8s \u00e0 des taux diff\u00e9rents. Comme nous apprenons \u00e0 utiliser cet outil pour la communication s&#8217;il vous pla\u00eet rappelez-vous que cela pourrait \u00eatre un enfant ou un premier poste de adulte. Nous vivons dans le 21e si\u00e8cle et pourrait bien \u00eatre en train de pr\u00e9parer les enfants pour des emplois qui ne existent pas encore. Nous voulons apprendre \u00e0 utiliser Internet en toute s\u00e9curit\u00e9 et de fa\u00e7on responsable et ce site (qui ne laisse pas le poste de enfants vont vivre sans l&#8217;approbation des adultes), nous permet de soutenir les enfants \u00e0 r\u00e9fl\u00e9chir \u00e0 ce qu&#8217;ils affichent en ligne.<\/p>\n<p>En travaillant ensemble, nous pouvons atteindre les meilleures exp\u00e9riences et des opportunit\u00e9s pour tout le monde au Gargieston et East Ayrshire. Notre vision commune est que &#8230;<\/p>\n<p>Chaque jour, dans la maison de tous les nourrissons, \u00absur le plancher\u00bb dans tous les centres de la petite enfance, dans chaque le\u00e7on, dans chaque classe, tous nos enfants et les jeunes gens se rencontrent \u00e0 la r\u00e9flexion et \u00e0 stimuler les exp\u00e9riences d&#8217;apprentissage, de prendre soin, les parents confiants d&#8217;un gamme de hautement qualifi\u00e9 et motiv\u00e9 personnel professionnel avec le soutien et les encouragements n\u00e9cessaires, au moment o\u00f9 il est n\u00e9cessaire, pour la r\u00e9ussite dans la vie, l&#8217;apprentissage et le travail.<\/p>\n<p>&nbsp;<\/p>\n<p>\u00c0 l&#8217;\u00e9chelle nationale, nous travaillons ensemble pour assurer que tous les enfants sont:<\/p>\n<p>SAIN, ACTIVE, nourri, la r\u00e9alisation, respect\u00e9, responsable et INCLUS<br \/>\nConvention des Nations Unies relative aux droits de l&#8217;enfant Article 29: Vous avez le droit \u00e0 l&#8217;\u00e9ducation qui d\u00e9veloppe votre personnalit\u00e9, le respect des droits de l&#8217;autre et de l&#8217;environnement.<\/p>\n","protected":false},"excerpt":{"rendered":"<p>Bienvenue \u00e0 Gargieston primaire et Centre de la petite enfance fran\u00e7ais Ici, dans Gargieston primaire et Centre de la petite enfance, nous continuons de promouvoir nos valeurs fondamentales: Amiti\u00e9 Bonheur RESPECT MOTIVATION Nous croyons que tous les enfants et les adultes devraient profiter de l&#8217;apprentissage, le succ\u00e8s de l&#8217;exp\u00e9rience et ont des attentes \u00e9lev\u00e9es de &hellip; <a href=\"https:\/\/blogs.glowscotland.org.uk\/ea\/gargiestonpsandecc\/french\/\" class=\"more-link\">Continue reading <span class=\"screen-reader-text\">French<\/span> <span class=\"meta-nav\">&rarr;<\/span><\/a><\/p>\n","protected":false},"author":3158,"featured_media":0,"parent":0,"menu_order":0,"comment_status":"open","ping_status":"open","template":"","meta":{"footnotes":""},"class_list":["post-1866","page","type-page","status-publish","hentry"],"jetpack_sharing_enabled":true,"_links":{"self":[{"href":"https:\/\/blogs.glowscotland.org.uk\/ea\/gargiestonpsandecc\/wp-json\/wp\/v2\/pages\/1866","targetHints":{"allow":["GET"]}}],"collection":[{"href":"https:\/\/blogs.glowscotland.org.uk\/ea\/gargiestonpsandecc\/wp-json\/wp\/v2\/pages"}],"about":[{"href":"https:\/\/blogs.glowscotland.org.uk\/ea\/gargiestonpsandecc\/wp-json\/wp\/v2\/types\/page"}],"author":[{"embeddable":true,"href":"https:\/\/blogs.glowscotland.org.uk\/ea\/gargiestonpsandecc\/wp-json\/wp\/v2\/users\/3158"}],"replies":[{"embeddable":true,"href":"https:\/\/blogs.glowscotland.org.uk\/ea\/gargiestonpsandecc\/wp-json\/wp\/v2\/comments?post=1866"}],"version-history":[{"count":1,"href":"https:\/\/blogs.glowscotland.org.uk\/ea\/gargiestonpsandecc\/wp-json\/wp\/v2\/pages\/1866\/revisions"}],"predecessor-version":[{"id":1867,"href":"https:\/\/blogs.glowscotland.org.uk\/ea\/gargiestonpsandecc\/wp-json\/wp\/v2\/pages\/1866\/revisions\/1867"}],"wp:attachment":[{"href":"https:\/\/blogs.glowscotland.org.uk\/ea\/gargiestonpsandecc\/wp-json\/wp\/v2\/media?parent=1866"}],"curies":[{"name":"wp","href":"https:\/\/api.w.org\/{rel}","templated":true}]}}